termine m(v).
20
Let r(y) = 2*y - 1. Let s be 1030/(-15)*(2 + (-28)/8). Suppose -3*t = -32 - s. Let z be (t/4)/9*-4. Give r(z).
-11
Let d(f) be the second derivative of 0 + 16*f**2 + 16/3*f**3 + 24*f - f**4. Let g(b) = b**2 - 3*b - 3. Let n(r) = -3*d(r) - 32*g(r). What is n(1)?
4
Let v(l) = 6*l - 2. Let h(c) = c. Let s(t) = 3*h(t) - v(t). Suppose 6 = 9*j + 717. Let d = -84 - j. Calculate s(d).
17
Let g = 10 - 5. Let s = g - 7. Let d(n) = -3*n**3 + 2*n**2 + 2*n - 3. Let c(r) = 3*r**3 - 3*r**2 - 3*r + 3. Let o(i) = 6*c(i) + 7*d(i). What is o(s)?
13
Let w(y) = 13*y - 7. Suppose -11*q + 127 - 232 = -171. What is w(q)?
71
Let v(d) = 25*d - 2. Let s(x) = -141*x + 11. Let i(k) = -6*s(k) - 34*v(k). Determine i(0).
2
Suppose 5 - 21 = -4*k. Suppose k = p - 2*s, 5*p = s + 1 + 19. Let z(a) = 2*a**3 - 6*a**2 + 4. Give z(p).
36
Let w(f) = -6*f**2 - 2*f - 3. Let r = -138 + 140. Suppose 5*x + 2*i + r = 7*x, 0 = -5*x + 3*i - 1. Give w(x).
-23
Let o = -27 - -31. Suppose 0*y + 2*u + 18 = y, 5*u + 57 = o*y. Let x(a) = 6 + a + 2*a - y - 2*a. What is x(7)?
5
Let r(c) = 21*c - 24. Let z = 6018 - 6017. Determine r(z).
-3
Let c(x) = 2*x**2 + 8*x - 1. Suppose 5*h + 20 = 5*o, 0 = -121*h + 124*h + o + 24. Calculate c(h).
41
Let h = -13 - -8. Let y(n) = 5*n**2 - 10*n + 16. Let a(s) = 1725*s - 3*s**2 - 1 + 1 - 1716*s - 9 - 2. Let q(u) = -3*a(u) - 2*y(u). Determine q(h).
11
Let i(l) be the first derivative of 1/2*l**2 - 7*l + 141. Give i(6).
-1
Let m = 57/118 - -1/59. Let j(t) be the second derivative of -33*t - 1/3*t**3 + 0 - m*t**2 - 1/6*t**4. Give j(-1).
-1
Let x = 176 - 182. Let z(v) = -v**2 + 6*v + 2. Let a(d) = d**2 - d. Let f(q) = 2*a(q) + z(q). Give f(x).
14
Let u(a) = a**3 + 7*a**2 + 3*a - 18. Let i(g) = -g**3 - 6*g**2 - 2*g + 16. Let q(o) = -7*i(o) - 6*u(o). Give q(-2).
-4
Suppose 3*p - 20 = -h, 4*h = 2*h - 3*p + 31. Let k(n) = -7*n + 52. What is k(h)?
-25
Let x(c) = -22*c - 154. Let i be (4 + 143/(-33))*(17 + 4). Determine x(i).
0
Let g = -110 - -150. Let t(f) = -29*f + 66*f - g*f. What is t(-2)?
6
Let k(w) = w - 2. Suppose -4 = 2*f - 76. Let l = 57 - f. Let p be 4/(16/6)*(-28)/l. What is k(p)?
-4
Let u be 44*(84/8)/(-7). Let i = -62 - u. Suppose -a - i = -y, 4*y - 10 = 2*a - a. Let k(l) = 2*l**3 + 4*l**2 + 4*l + 2. What is k(a)?
-6
Let n(c) = 2*c + 1. Let t = 15 - 60. Let q = t + 53. Suppose 60 = q*z + 4*z. Calculate n(z).
11
Let y = 4036 + -4042. Let h(l) = 3*l**3 + 17*l**2 - 7*l + 9. Determine h(y).
15
Let o be 0 - ((-16 - 0) + 7 - -6). Let j(a) = -a**2 - a**3 + 6*a**2 - a**2 - 1 + 2*a - 4*a. Calculate j(o).
2
Let c(z) be the first derivative of z**4/4 - 13*z**3/3 - z**2 + 12*z + 138. Give c(13).
-14
Let j(l) = -17 - 19 + 32 + l**3 + 12*l**2. Suppose a = 3*c + 31, -63 = -54*c + 58*c + 3*a. Give j(c).
-4
Let v(x) = x**2 - 15*x - 11. Suppose -468 = -51*r - r. Let z be 17 + (18/(-2))/r. What is v(z)?
5
Let w(z) = -6*z + 70. Let c be 126*15/135 - (4 - 0). Determine w(c).
10
Let y be ((-30)/90)/((-1614)/(-270) - 6). Let x(k) = 2*k + 9. Determine x(y).
39
Let v(y) = -y. Suppose 2*p + 90 = -24. Let t be (5/(-10))/(-3 - 638/(-212)). Let s = t - p. What is v(s)?
-4
Let r = -348 - -400. Let u be (-3 + r)*(-2)/(-14). Let t(a) = 6*a - 38. Calculate t(u).
4
Let a(w) = -31*w**2 + 7*w + 10. Let p(u) = 0 - 3 + 11*u**2 - 2*u - 6 + 6. Let s(k) = 6*a(k) + 17*p(k). Calculate s(-7).
2
Let f(a) be the first derivative of -5*a**2/2 - 5*a + 4490. What is f(2)?
-15
Let j(s) = s**3 - 6*s**2 + 4*s - 5. Suppose -8*v = -13*v + 8*v. Suppose v = 5*m + 2*g - 23, -5 = -0*g + 5*g. Determine j(m).
-10
Let k(j) = 3*j**2 - 38*j - 314. Let f(d) = 2*d**2 - 25*d - 209. Let u(h) = -7*f(h) + 5*k(h). Let m be u(-5). Let x(i) = i**3 + 7*i**2 - i - 10. What is x(m)?
-3
Let y(b) = 2*b**3 + b - 1. Let j be y(1). Let w(i) be the first derivative of i**3/3 - 3*i**2/2 + 61346. Determine w(j).
-2
Let z = 9 - 13. Let x be z/6 + 14/(-6). Let w(r) = -4*r + 4 - 6*r - 5*r**2 + 8*r + 3*r**2. Give w(x).
-8
Suppose 99 + 225 = 12*b - 0*b. Let c(i) = 5*i - 124. Determine c(b).
11
Let d(t) be the first derivative of 3*t**2/2 + 32*t - 4467. Determine d(-7).
11
Let t(s) = 3*s**2 - 3*s + 9. Let x(z) = -z**2 - 1. Let g(d) = -t(d) - 4*x(d). Let p(k) = 6*k**2 - 29*k - 10. Let y be p(5). What is g(y)?
5
Let a(l) = 16*l**2 - 55*l - 86. Let s(w) = -3*w**2 + 11*w + 17. Let b(i) = 2*a(i) + 11*s(i). Suppose 8*k - 10*k - 46*k + 576 = 0. What is b(k)?
3
Let b(m) be the second derivative of m**5/20 - 3*m**4/4 - m**3/3 + 13*m**2/2 + m. Let q be ((-39)/(-2))/(6097/2814). Determine b(q).
-5
Let l(t) = -t**3 + 11*t**2 - 54*t + 1046. Let w be l(13). Let r(g) = g**3 - 6*g**2 + g - 12. Give r(w).
-6
Let x be (-61)/6 + (-14)/(-84). Let d be (-3)/6 - 45/x. Let u(b) be the third derivative of b**4/8 - b**3/3 + 8*b**2 - 2*b. What is u(d)?
10
Let v(j) = -9 - 4490*j + 8979*j - 10*j**2 - 4482*j. Give v(2).
-35
Let s = -6 + 2. Let y(m) = 21*m - 188. Let u be y(23). Let f(x) = 2*x + 3 - u*x**2 + 296*x**2 - 7. Give f(s).
4
Let o(b) = 2 + b**2 + 6543*b**3 - 6544*b**3 - 7*b + 2*b. Let f = -6 - -9. What is o(f)?
-31
Let b(k) = 3*k**3 + 2600 + 2*k**2 - 5161 + 2554. Calculate b(2).
25
Let c be (-3 + (-1 - -4))/3. Let h(n) be the first derivative of -n**4/4 - n**3/3 + n**2/2 - 11*n - 3016. What is h(c)?
-11
Let g(i) = -i**3 + 4*i**2 - 2*i + 5. Let c(r) = -5*r**2 + r + 1. Let w(z) = 2*c(z) + g(z). Give w(-6).
7
Let k(n) = 11*n - 71. Let x(q) = -32*q + 178. Let p(y) = -17*k(y) - 6*x(y). Determine p(-34).
-31
Let s(u) = -8*u**3 - 8*u**2 + 7*u - 1. Let b be (4/6)/(10/15). Let h be s(b). Let k(j) = -j**2 - 10*j - 1. What is k(h)?
-1
Let n(l) = -3*l + 3. Let t(u) = u. Suppose 3*w = -15, -5*s + 2*s + 47 = -4*w. Let r(d) = s*t(d) + n(d). Determine r(-2).
-9
Let n(g) = -10*g - 49. Suppose 24 = -34*m - 35 - 43. Give n(m).
-19
Let s = 5 + -9. Let k(h) = 5*h + 15. Let o(x) be the second derivative of -11*x**3/6 - 31*x**2/2 - 99*x - 1. Let z(c) = s*o(c) - 9*k(c). Determine z(-7).
-4
Let z(d) = -238*d**2 - 31*d - 10. Let j(u) = -60*u**2 + u + 1. Let a(h) = 4*j(h) - z(h). Determine a(18).
-4
Let z(c) = -13*c - 4. Let v(p) = 7*p + 2. Let w(x) = 5*v(x) + 3*z(x). Let n(r) = 5*r + 3. Let h(m) = -5*n(m) - 6*w(m). Give h(-4).
1
Let t(m) be the third derivative of m**5/60 - 13*m**4/24 + m**3/3 - m**2. Let r(y) = -y**3 - 4*y**2 - 5*y - 8. Let k be r(-4). Calculate t(k).
-10
Let z(a) be the third derivative of -a**6/120 + a**5/20 + 2*a**3/3 - 14*a**2 + 10*a. Suppose -4*i = -6*i + 6. Determine z(i).
4
Let p(f) = -5*f + 5. Let z(l) = 4*l - 5. Let v(b) = -3*p(b) - 4*z(b). Suppose 0 = -21*x - 14*x + 210. What is v(x)?
-1
Suppose 0 = -182*r + 186*r - 32. Let x(y) = 3*y + 47. Determine x(r).
71
Let r(y) = 3*y**3 + 11*y**2 + 11*y**2 + 3 + 12*y + 34*y**2 - 46*y. Let w(x) = -2*x**3 - 30*x**2 + 17*x - 1. Let t(c) = -3*r(c) - 5*w(c). Calculate t(17).
-4
Let g(t) = 93 - 187 + 39 + 93 + t**2 + 14*t. What is g(-15)?
53
Let q be (-38)/5 + 25/(375/(-6)). Let s(x) = -x**3 - 5*x**2 + 22*x - 15. Determine s(q).
1
Let z(t) = -t - 6 - 6*t**3 + 40*t**2 + 4*t**3 + 4*t + t - 47*t**2. Calculate z(-4).
-6
Suppose -15*i + 2 = -14*i. Let o(x) = -5 - 55*x + 67*x + 3 - x**i. Determine o(12).
-2
Let d = -187 - -222. Let z = 32 - d. Let b(s) = 0*s - 2*s - 3 + 4*s. Calculate b(z).
-9
Let y(l) = 11*l + 102. Let p = 2462 + -2471. Give y(p).
3
Let u = -657 - -662. Let h(o) = -u*o - 2 + 0 - o - 4*o - 13*o. Give h(2).
-48
Let o(i) = -24*i**2 + i. Let a be -1*2/30*15. Determine o(a).
-25
Let w(m) = -2*m + 0 - 3*m - m**3 + 2 - 5*m**2. Suppose 1066 = -909*b - 1000 - 661. Give w(b).
-1
Let u(x) be the first derivative of x**4/4 - 2*x**3/3 - 5*x**2/2 + 5*x - 1286. Give u(3).
-1
Let c(o) = -o**2 + o + 1. Let k(r) = -8*r + 7. Let g(x) = -c(x) + k(x). Suppose -2*z = 14*z - 96. What is g(z)?
-12
Suppose -1178 = -159*n - 65. Let v(d) = 7*d - 35. Determine v(n).
14
Let g(s) = -4*s**2 + s**3 - s - s**2 + 6*s + 5 - 6*s. Let j(a) = -8*a - 59. Suppose -4*b = -5*c - 1 + 8, -4*b - 4*c = 52. Let p be j(b). Give g(p).
0
Let u(b) = 4*b. Let i be u(1). Suppose 0*y + 1 = y. Let x(a) = y - 1 - 2*a + 1. What is x(i)?
-7
Let r(x) = -10*x. Suppose 1 - 10 = -3*z. Let g(q) = q - 74*q**2 + 41*q**2 - q**z - 5 + 31*q**2. Let s be g(-3). Give r(s).
-10
Let v(s) = -s**3 - 2*s**2 + 4*s - 4. Let b = -105 + -16. Let p = b - -117. Determine v(p).
12
